when 805 is divided by 9.
4
What is the remainder when 4754 is divided by 1174?
58
What is the remainder when 3055 is divided by 178?
29
What is the remainder when 106331 is divided by 35423?
62
Calculate the remainder when 71886 is divided by 65.
61
Calculate the remainder when 2733 is divided by 336.
45
What is the remainder when 17149 is divided by 1423?
73
Calculate the remainder when 1955 is divided by 178.
175
Calculate the remainder when 1262786 is divided by 10.
6
Calculate the remainder when 702595 is divided by 150.
145
Calculate the remainder when 18881 is divided by 701.
655
What is the remainder when 112414 is divided by 28102?
6
Calculate the remainder when 700412 is divided by 77.
20
Calculate the remainder when 151437 is divided by 131.
1
What is the remainder when 46584 is divided by 53?
50
Calculate the remainder when 91870 is divided by 86.
22
Calculate the remainder when 1959 is divided by 339.
264
Calculate the remainder when 113426 is divided by 341.
214
Calculate the remainder when 3266 is divided by 85.
36
What is the remainder when 64489 is divided by 614?
19
Calculate the remainder when 7810 is divided by 15.
10
What is the remainder when 18822 is divided by 4665?
162
Calculate the remainder when 181806 is divided by 5.
1
What is the remainder when 46712 is divided by 792?
776
Calculate the remainder when 1275 is divided by 610.
55
Calculate the remainder when 1493268 is divided by 310.
308
Calculate the remainder when 1934 is divided by 938.
58
What is the remainder when 135416 is divided by 517?
479
Calculate the remainder when 11476 is divided by 3812.
40
What is the remainder when 3777 is divided by 105?
102
Calculate the remainder when 1928 is divided by 190.
28
What is the remainder when 9222 is divided by 735?
402
Calculate the remainder when 5181 is divided by 1718.
27
What is the remainder when 23552 is divided by 262?
234
Calculate the remainder when 63456 is divided by 387.
375
What is the remainder when 5371 is divided by 66?
25
Calculate the remainder when 27886 is divided by 74.
62
What is the remainder when 5386 is divided by 38?
28
What is the remainder when 3343 is divided by 3342?
1
What is the remainder when 3148 is divided by 70?
68
Calculate the remainder when 57421 is divided by 821.
772
Calculate the remainder when 257458 is divided by 9194.
26
What is the remainder when 431960 is divided by 162?
68
Calculate the remainder when 8149 is divided by 21.
1
What is the remainder when 40095 is divided by 19?
5
What is the remainder when 3667 is divided by 731?
12
What is the remainder when 341600 is divided by 22773?
5
What is the remainder when 157487 is divided by 6?
5
What is the remainder when 14946 is divided by 2982?
36
What is the remainder when 41957 is divided by 52?
45
What is the remainder when 15565 is divided by 707?
11
Calculate the remainder when 16415 is divided by 130.
35
What is the remainder when 3605 is divided by 314?
151
What is the remainder when 2287 is divided by 2221?
66
Calculate the remainder when 5264 is divided by 863.
86
What is the remainder when 14147 is divided by 4714?
5
Calculate the remainder when 1235 is divided by 42.
17
What is the remainder when 127959 is divided by 2975?
34
What is the remainder when 390 is divided by 116?
42
Calculate the remainder when 2879099 is divided by 45.
44
Calculate the remainder when 11647 is divided by 104.
103
Calculate the remainder when 23398 is divided by 559.
479
Calculate the remainder when 62696 is divided by 570.
566
Calculate the remainder when 29993 is divided by 198.
95
What is the remainder when 7200 is divided by 201?
165
What is the remainder when 132208 is divided by 14687?
25
What is the remainder when 11649 is divided by 71?
5
Calculate the remainder when 6549 is divided by 119.
4
What is the remainder when 433 is divided by 64?
49
Calculate the remainder when 3673 is divided by 230.
223
Calculate the remainder when 5488 is divided by 35.
28
Calculate the remainder when 10527 is divided by 63.
6
What is the remainder when 18728 is divided by 652?
472
What is the remainder when 1738 is divided by 255?
208
What is the remainder when 399811 is divided by 340?
311
Calculate the remainder when 8463 is divided by 667.
459
Calculate the remainder when 1572 is divided by 805.
767
Calculate the remainder when 543 is divided by 419.
124
Calculate the remainder when 888 is divided by 124.
20
What is the remainder when 60802 is divided by 320?
2
Calculate the remainder when 29498 is divided by 844.
802
Calculate the remainder when 584 is divided by 211.
162
Calculate the remainder when 1812 is divided by 199.
21
Calculate the remainder when 3039 is divided by 2600.
439
What is the remainder when 2021 is divided by 113?
100
What is the remainder when 10137 is divided by 156?
153
Calculate the remainder when 9933 is divided by 3280.
93
Calculate the remainder when 3739 is divided by 924.
43
What is the remainder when 870 is divided by 722?
148
Calculate the remainder when 9193 is divided by 36.
13
What is the remainder when 361979 is divided by 180972?
35
Calculate the remainder when 16752 is divided by 557.
42
What is the remainder when 49656 is divided by 9927?
21
Calculate the remainder when 442489 is divided by 186.
181
Calculate the remainder when 1137 is divided by 273.
45
Calculate the remainder when 288609 is divided by 160.
129
Calculate the remainder when 2668 is divided by 111.
4
Calculate the remainder when 10500 is divided by 1294.
148
Calculate the remainder when 4613 is divided by 30.
23
What is the remainder when 30309 is divided by 125?
59
What is the remainder when 4487 is divided by 1948?
591
Calculate the remainder when 34437 is divided by 261.
246
What is the remainder when 250078 is divided by 297?
4
Calculate the remainder when 88900 is divided by 729.
691
Calculate the remainder when 2899 is divided by 5.
4
Calculate the remainder when 36659 is divided by 212.
195
What is the remainder when 17018 is divided by 406?
372
What is the remainder when 243806 is divided by 8?
6
What is the remainder when 4558 is divided by 24?
22
Calculate the remainder when 4090 is divided by 902.
482
Calculate the remainder when 2941 is divided by 371.
344
What is the remainder when 13951 is divided by 3484?
15
What is the remainder when 876009 is divided by 111?
108
What is the remainder when 4452 is divided by 273?
84
Calculate the remainder when 19121 is divided by 125.
121
What is the remainder when 195761 is divided by 268?
121
What is the remainder when 255 is divided by 217?
38
What is the remainder when 7352 is divided by 168?
128
What is the remainder when 12622 is divided by 234?
220
What is the remainder when 187789 is divided by 242?
239
What is the remainder when 2036 is divided by 245?
76
What is the remainder when 6856 is divided by 56?
24
What is the remainder when 6301 is divided by 1763?
1012
Calculate the remainder when 846904 is divided by 782.
780
Calculate the remainder when 3507 is divided by 62.
35
Calculate the remainder when 41388 is divided by 560.
508
Calculate the remainder when 139554 is divided by 139.
137
What is the remainder when 52741 is divided by 215?
66
Calculate the remainder when 18273 is divided by 18257.
16
What is the remainder when 144606 is divided by 14460?
6
Calculate the remainder when 291 is divided by 86.
33
Calculate the remainder when 1975 is divided by 161.
43
Calculate the remainder when 75470 is divided by 25.
20
Calculate the remainder when 302439 is divided by 715.
709
Calculate the remainder when 570463 is divided by 11.
3
What is the remainder when 989 is divided by 201?
185
Calculate the remainder when 132768 is divided by 33188.
16
Calculate the remainder when 3210 is divided by 3197.
13
Calculate the remainder when 6879 is divided by 766.
751
What is the remainder when 13514 is divided by 6747?
20
Calculate the remainder when 7818 is divided by 390.
18
What is the remainder when 447480 is divided by 4068?
0
Calculate the remainder when 4281 is divided by 1275.
456
Calculate the remainder when 8498 is divided by 2.
0
What is the remainder when 66460 is divided by 536?
532
What is the remainder when 5207 is divided by 307?
295
Calculate the remainder when 68605 i